j) be the third derivative of b*j**3 + 0*j - 3*j**2 + 0 + 1/60*j**5 - 1/6*j**4. Determine n(2).
-1
Let f(m) = -m**2 - m + 10. Let n = -38 - -38. Determine f(n).
10
Suppose 3*n + n = 16. Suppose -6 = -4*f + f, n*x - 5*f + 10 = 0. Let c(j) = -j**2 + 11. Calculate c(x).
11
Suppose -r - 3*r + 12 = 0. Let p(f) be the second derivative of f**4/6 - f**3/2 - 3*f**2/2 - 2*f. Determine p(r).
6
Let r(h) = h**2 - 2 + 2*h**3 + 4 + 3*h + 3*h**2. Let k be (-25)/10*4/5. Calculate r(k).
-4
Let p be (-1*(-3 - 0))/1. Let g(q) be the first derivative of 1/4*q**4 + 0*q + 1 - 1/3*q**p + 0*q**2. Determine g(-1).
-2
Let f be (1 - -1) + 0/(-2). Suppose -f*y = k - 9, -2*y - 4*k = y - 21. Let v(q) = -q**3 + 2*q**2 + 2*q - 3. What is v(y)?
-6
Let m be (-1)/(-4) - (-13)/(-4). Let q be (-1)/m - 17/(-3). Let p(u) = u**3 - 6*u**2 - 3. Give p(q).
-3
Let k(c) be the first derivative of -c**3/6 + c + 4. Let m(d) be the first derivative of k(d). Give m(-4).
4
Suppose 5 = 2*d - d, 0 = -j - 5*d + 19. Let a = 8 + j. Let i(g) = -2*g**3 + 2*g**2 + 2*g - 2. Give i(a).
-6
Let r(a) = -a - 2. Suppose 0 = -6*m + 8*m + 10. Give r(m).
3
Let m(d) = -d. Let i(a) = 5*a - 2. Let w(n) = i(n) + 6*m(n). Determine w(-3).
1
Let o(j) = j**3 - 2*j**2 + j. Let s be o(2). Let y(b) be the first derivative of b - 5 + b**2 + 0*b**2 + b**2 + 0. Calculate y(s).
9
Let g(p) = -p**3 + 4*p**2 + 7*p + 3. Let o(q) = q**2 + q. Let d(k) = g(k) - 2*o(k). What is d(4)?
-9
Let f(k) be the first derivative of k**3/3 + k**2 + 3*k + 21. Determine f(-3).
6
Let w(m) = m**3 + 4*m**2 + 4*m - 2. Let q = 159 - 163. Calculate w(q).
-18
Suppose s + x = -x + 9, s - 3*x = -11. Let n(q) = -1 - 3*q - 6*q + 4*q. Calculate n(s).
-6
Let d(k) be the third derivative of k**6/120 - k**5/120 - k**4/8 - 3*k**2. Let i(b) be the second derivative of d(b). Calculate i(1).
5
Let w(m) = m**2 + m - 1. Let y(i) = i**3 - 2*i + 3. Let d(t) = 2*w(t) + y(t). Calculate d(-2).
1
Let i be (-12)/21 + (-2)/((-14)/11). Let m(l) = -2*l**3 + 3*l**2 - 2*l**2 - 1 - 3*l**3 + l. Determine m(i).
-4
Let p = 12 - 14. Let u(g) = -4*g - 1. Determine u(p).
7
Let m be (2/4)/(2/(19 + 1)). Let i(l) = 6*l - 5 + 2*l**2 + 0*l**2 - 3*l**2. Determine i(m).
0
Let a(z) be the first derivative of -z**4/4 - 4*z**3/3 + 7*z**2/2 + 5*z + 2. Suppose 4*f = 3*f + 2*g - 12, 4*f + 60 = 4*g. Let x = f - -13. Give a(x).
-5
Let k(r) = -3*r - 3. Let a(p) = p - 1. Let j(s) = -3*s + 1. Let v(g) = -2*a(g) - j(g). Let x(f) = -k(f) - 4*v(f). Calculate x(-5).
4
Let o(w) = -31*w**3 - 11*w**2 + 10*w - 6. Let u(p) = -6*p**3 - 2*p**2 + 2*p - 1. Let f(q) = -2*o(q) + 11*u(q). Give f(-1).
3
Suppose -11 = -3*a + 2*z, 7*a - 4*z - 19 = 2*a. Let n(s) = -s**a + s**2 - 5 + 1 + 0 - 4. Calculate n(0).
-8
Let a(l) = 3*l + 6. Let i(d) = -7*d - 9 + 5 - 9. Let y be 2 - 5 - (-2 + 1). Let b(t) = y*i(t) - 5*a(t). What is b(-3)?
-1
Suppose -4*s + 5*d + 0 = -73, -2*d + 6 = 0. Suppose -3*m = -24 - 24. Let x be s/8 - (-4)/m. Let u(l) = -l**2 + 3*l. What is u(x)?
0
Let r(h) = 8*h**2 - 4*h + 1 + 5*h + 4 + h. Let a(m) = 7*m**2 + m + 5. Let c(z) = -7*a(z) + 6*r(z). Let k be 3/2*(-8)/(-3). What is c(k)?
-1
Suppose 2*w - 11 = -3*o, -3*o + 2*w = -o - 4. Suppose q - b = -3 - 3, o*q + b = -14. Let t = -9 - q. Let k(y) = y**2 + 3*y + 2. What is k(t)?
6
Let s = 36 + -38. Suppose 3*r - 4*r + 3 = 0. Let h(o) = -4*o**2 + 4 + 2*o**2 + 2*o - r. Calculate h(s).
-11
Let n(g) = -g**2 + g - 1. Let p be n(1). Let j = p + 3. Let z(u) = 4*u. Give z(j).
8
Let u(p) = -p**3 - p**2 + 4*p - 1. Let w be (-38)/12 + 1/6. Give u(w).
5
Let r(i) = i**2 + i. Let o(b) = -3*b**2 + 5*b + 11. Let s(u) = -o(u) - 4*r(u). What is s(-9)?
-11
Let q(i) = i**2 - 9*i. Let t be (-3)/6 + (-153)/(-18). What is q(t)?
-8
Let m(q) = 2*q**2 - 8*q - 6. Let f be (-4 + -11)*(-2)/5. Give m(f).
18
Let d be 16/6*(-33)/(-22). Let b(m) = -3*m**2 + 3*m**2 + m**2 + 6*m - 5*m - d. Give b(-3).
2
Let w(c) be the third derivative of -c**4/24 - 4*c**3/3 - 4*c**2. Calculate w(-6).
-2
Suppose 3*u - 35 = 4*a, a - 5*a - 8 = 0. Let h(g) = -g**2 + 10*g - 13. Calculate h(u).
-4
Let w be 978/15 - 1/5. Let l be 140/w + 4/(-26). Let y(m) = -2*m + 4*m**l + 0 + m**3 + 6 - 3*m + m. What is y(-5)?
1
Let k(r) = -r**2 - r**3 + 2*r - 3*r - 6 + 3. Suppose -4*y + 16 = -0*y. Suppose -y*m - 15 = -3*w, 10 = 4*w - 10. Calculate k(m).
-3
Suppose 0 = -0*x + 2*x - 6. Let s = -3 + x. Let y(a) = 31 - 2*a**2 + a**2 - 26. What is y(s)?
5
Let h(p) = -p - 2. Suppose 8*o - 60 = 4*o. Suppose -7*l = -4*l - o. Calculate h(l).
-7
Let l(x) = 9*x - 1. Let w be l(1). Let j(n) = 6 + n**2 - 3 + 0 + w*n. Determine j(-7).
-4
Let g(w) = -54*w - 4*w**3 - 5*w**2 - 5 - 2*w**3 + 5*w**3 + 49*w. Determine g(-4).
-1
Suppose -4*v = -3*z - 23, -4*v - 2*z + 4*z + 18 = 0. Let a(h) = 2 - 6 - h**2 + v*h - h**3 - h. What is a(-3)?
11
Let l = -4 - -6. Let w(m) = l + 3*m - 7 - 5*m - 1. Determine w(-5).
4
Let m(u) = -13*u + 8. Let q(v) = 6*v - 4. Let s(r) = -4*m(r) - 9*q(r). Determine s(-3).
10
Let r(i) = 3*i + 18. Let v(a) = 2*a + 9. Let s(d) = -3*r(d) + 5*v(d). Determine s(4).
-5
Let t(w) be the third derivative of w**4/24 + 2*w**3/3 + 26*w**2. Calculate t(5).
9
Let m be 4*1/8*10. Suppose 0 = 3*i + 4*o - 2*o - m, 0 = -5*i + 5*o. Let h(z) = -2*z**3 - z**2. Calculate h(i).
-3
Let l be (-3 + -2)/(1 + 0). Let m(v) be the first derivative of v**4/4 + 2*v**3 + 3*v**2/2 - 7*v - 3. Give m(l).
3
Suppose 2*r - r - 6 = -3*a, -4*a + 8 = r. Suppose -3*i + x + 0*x - 15 = r, 18 = -4*i + 2*x. Let j(h) = h**2 + 5*h - 5. Give j(i).
1
Let m(b) = b + 4. Let f = -77 - -85. Determine m(f).
12
Let w(g) = -g**2 - g - 1. Let c(x) = 2*x**3 + 8*x**2 + 5*x + 2. Let o(s) = c(s) + 4*w(s). What is o(-2)?
-4
Let k(r) = -7*r**2 - 3 + 4*r + 24*r**3 - 23*r**3 + 5*r - 2*r. Determine k(6).
3
Let m(b) be the second derivative of b**3/3 + b**2/2 + 2*b. Let z be m(-2). Let w(v) = v**2 + v - 3. Calculate w(z).
3
Let v(s) = -s**2 - 7. Suppose 15 = 5*n + 5*x, -2*n - 2 = -2*x + 4. Give v(n).
-7
Let h(n) = -2*n - 1. Suppose 11 = 2*u + x - 2, -34 = -5*u - 4*x. Calculate h(u).
-13
Let o(c) = -c**2 - 7*c - 4. Let u be o(-6). Let z(q) = 2 - 4 - q**u + 6 - q. Suppose m - 2 = -5*j, m = -j + 6*m - 10. What is z(j)?
4
Let g be (-3)/(-12) - ((-105)/12 + 1). Let w(l) = l**3 - 7*l**2 - 8*l + 8. Calculate w(g).
8
Suppose 6*z - 3*z + 44 = 5*m, -3*m + 4*z + 33 = 0. Let v(h) = -3*h**3 + 7*h**2 + 15. Let i(u) = -u**3 + 2*u**2 + 5. Let p(g) = m*i(g) - 2*v(g). Give p(0).
5
Let d(z) = z**2 - z - 1. Let r(v) = -5*v**3 - 2*v**2 + 2*v + 3. Let i(b) = 2*d(b) + r(b). Let t be (18/(-24))/(12/(-16)). What is i(t)?
-4
Let g(i) = 3*i**2 + 3*i + 3. Suppose 0 = -j + 5*k + 18, k + 1 - 5 = 4*j. Calculate g(j).
9
Let c(t) = -8*t**2 - 6*t - 10. Let k(b) = 7*b**2 + 6*b + 9. Let m(o) = -6*c(o) - 7*k(o). Determine m(-5).
2
Let c be (-2)/12*0 + -16. Let x(s) = s + 20. Determine x(c).
4
Let l(g) = g**2 - 7*g + 8. Let c = -40 + 64. Suppose -3*q + 7*q - c = w, 18 = 3*q + 2*w. Calculate l(q).
2
Let c = 1 + 0. Let q = c - -1. Let j(i) = -2*i + 0*i**2 - q*i + 2*i - i**2 - 3. Calculate j(-3).
-6
Let b(l) = -8*l**2 - 8*l + 28*l**2 - 19*l**2 + 2. Calculate b(7).
-5
Let l(g) = g + 0 + 4 - 5 + 2. Give l(4).
5
Let b(m) = -m**2 - 6*m + 1. Let j(w) = w**2 - 4*w - 5. Let q be j(4). Give b(q).
6
Let g be 3/5 - (-10)/25. Let b(n) = n**3 + n + 1. Let s(i) = -2*i + 0 + i**3 + 0 + 5*i**2 + 2. Let a(v) = g*s(v) - 2*b(v). Give a(4).
0
Let l(r) = -2*r - 4. Let c be l(-5). Let k = c - 2. Let u(h) = -h**2 - 4*h**3 + 5*h**3 + 4 - 3*h**2. Determine u(k).
4
Let y(r) be the third derivative of r**6/120 + r**5/20 + r**4/12 - r**3/3 - 2*r**2. Determine y(-2).
-2
Suppose 5 = 2*b - b. Suppose 3*j + 3*w - 4 = -w, b*w + 18 = 2*j. Let d(v) be the second derivative of -v**3/6 - 2*v**2 - v. Give d(j).
-8
Suppose -2*m = -4*j + 16, -m = j - 0 - 7. Let s(a) be the third derivative of a**5/30 - a**4/6 + a**3/3 + 2*a**2. Determine s(m).
2
Let b(p) = p**3 - 4*p**2 - 6*p + 3. Let x be b(5). Let q be (0/(-1) + x)*-2. Let o(g) = g**2 - 4*g + 6. Determine o(q).
6
Let t(f) = -2*f**2 + 2*f + 2. Suppose 0 = 3*c + 2*l - 177, -3*c = -2*l - 3*l - 177. Let y = c - 24. Let q be (-10)/y + 12/(-7). Determine t(q).
-10
Let u(q) = q**3 + 6*q**2 - 2*q - 8. Let h be u(-6). Let s(i) = -i - 2. Calculate s(h).
-6
Let s(m) be the first derivative of m**2/2 - 15*m - 33. Determine s(7).
-8
Let 